0
Suppose -g + 24 = 2*n, 2*g + 66 = 5*n + 6*g. Let l = -7 - -47. Let a = l + -22. Calculate the remainder when a is divided by n.
8
Let x = 33 + -9. What is the remainder when x is divided by 13?
11
Suppose 0 = 5*k - 185. Suppose -2*w + 31 = 5*u - 2*u, -3*u + 4*w = -k. What is the remainder when 30 is divided by u?
8
Suppose -20 = -c + 46. What is the remainder when c is divided by 17?
15
Let a be (2/4)/((-2)/(-24)). Suppose -4*s - a = -2*s, -4*q + 49 = -3*s. Calculate the remainder when 29 is divided by q.
9
Suppose 3*p + g = 56 - 18, -4*g = -8. Let m = 37 - -10. Calculate the remainder when m is divided by p.
11
Let q = 224 - 122. Let x = q + -46. Suppose 6*n + 68 = 182. What is the remainder when x is divided by n?
18
Suppose 0 = 3*y - 3, 4*y + 119 = 4*x - 9. Let v(k) = -k**3 - 5*k**2 + 4*k + 5. What is the remainder when x is divided by v(-6)?
16
Let o(k) = k - 8. Let c be o(-8). Let h = c - -33. Let g(m) = 10*m**2 - 1. What is the remainder when h is divided by g(-1)?
8
Let z(j) = -85*j**2 + 6*j + 2. Let o(l) = 169*l**2 - 11*l - 3. Let b(p) = 4*o(p) + 7*z(p). What is the remainder when b(1) is divided by 21?
18
Suppose -3 = -2*v + 87. Calculate the remainder when v is divided by -2 - (1 + 24)/(-1).
22
What is the remainder when 152 is divided by 1/(-5) - (-768)/15?
50
Suppose 5*c - 22 = -2. Suppose c*n - 2*n = 30. Suppose -5*i + 10*i = 30. Calculate the remainder when n is divided by i.
3
Let y = 64 + -38. Let u = -11 + y. Calculate the remainder when 44 is divided by u.
14
Let t = 110 + -38. Suppose -l - t = -3*l. Suppose 0 = i + i - l. What is the remainder when i is divided by 10?
8
Calculate the remainder when 72 is divided by (14/6 - (-13 + 9))*3.
15
Let b = -45 - -50. What is the remainder when b is divided by 1?
0
Let t(y) be the second derivative of 0 - 2*y**2 + 7/6*y**3 - 2*y. Calculate the remainder when t(3) is divided by 10.
7
Let m be (-3)/2*(2 - 4). Suppose v = -m + 13. Calculate the remainder when v is divided by 6.
4
Let v = -25 - -36. What is the remainder when 108 is divided by v?
9
Let g(k) = -k**2 - 7*k - 2. Let l be g(-6). Suppose -26 = l*v - 126. Suppose 0 = -5*d - v, 3*j - 2 = d - 3*d. What is the remainder when 6 is divided by j?
2
Suppose -12*x + 273 = -219. Calculate the remainder when 202 is divided by x.
38
Let u = 46 + -28. What is the remainder when 34 is divided by u?
16
Let b(h) = -h**2 - h + 4. Let x be b(-4). Let p(n) = -n**3 - 7*n**2 + 4*n - 8. Calculate the remainder when p(x) is divided by 13.
11
Let y = -2 - -8. Suppose 9*i - 36 = y*i. Calculate the remainder when 45 is divided by i.
9
Let n be (-238)/(-21) - 1/3. Suppose 5*h + 1 = n. What is the remainder when 4 is divided by h?
0
What is the remainder when 84 is divided by 14 + (-1 + 2)/((-6)/(-18))?
16
Suppose 6*h - j - 187 = 4*h, 5*h + 3*j = 451. Suppose 0*t - h = -4*t. What is the remainder when t is divided by 2/(-3) + 38/3?
11
Suppose -2*x + 15 = 3*x. Suppose x*c + 15 = 2*b + 4*c, c = 5. Suppose -2*y - 5 = -b*q + 8, 5*q + y - 1 = 0. Calculate the remainder when 3 is divided by q.
0
Let o = 10 + -9. Let f be (45 + 1)*o - 3. Suppose -f = 4*d - 183. Calculate the remainder when d is divided by 12.
11
Suppose 4*a - 15 = a. Suppose -4*v - 22 = -2*b, -3*v - 2*v = -4*b + 38. Calculate the remainder when b is divided by a.
2
Suppose -107 + 5 = -2*l. What is the remainder when 202 is divided by l?
49
Let t(y) = -5 + 1 + 0*y**2 + 4*y**2 - y**3. Calculate the remainder when 9 is divided by t(3).
4
Suppose 3*u + 1 - 7 = 0. Suppose -u*i = -0 - 4. Suppose i*t - t = 13. What is the remainder when 37 is divided by t?
11
Let g = -85 - -113. Calculate the remainder when 249 is divided by g.
25
Calculate the remainder when 33 is divided by (100/(-10) - 2/(-2))/(-1).
6
Let l = 119 - 105. Calculate the remainder when 79 is divided by l.
9
Let f(l) = l**2 - 3*l + 2. Let k be f(-5). Let g = 2 + 4. What is the remainder when 39 is divided by 8/g*k/4?
11
Suppose -238 = -5*h + 3*f - f, 4*h = 3*f + 196. Suppose 5*x - 4 = 3*x. Calculate the remainder when h is divided by 2/(x + 15/(-8)).
14
Let a = -50 + 73. Calculate the remainder when a is divided by 12.
11
Suppose 0 = -2*z - z + 6. Suppose -z*a - a = -15. Suppose -a*s - 4 = -7*s. Calculate the remainder when 3 is divided by s.
1
Let p = -187 + 222. Let w = -10 + 14. Let z = 16 - w. What is the remainder when p is divided by z?
11
Let o(b) = b**3 + 9*b**2 + 7*b - 3. Calculate the remainder when 23 is divided by o(-8).
3
Let g = -23 - -25. What is the remainder when 13 is divided by g?
1
Let h = 15 + 0. Calculate the remainder when 57 is divided by h.
12
Calculate the remainder when 76 is divided by 58/261 - (-230)/18.
11
Let q = -12 - -15. Suppose 3*r - 5*o - 64 = 0, 4*r - 93 = 2*o - q*o. Calculate the remainder when r is divided by 8.
7
Let y(a) = -6*a - 20*a + 0 + 2. Let f be y(-3). Suppose 2*d + 3*d - f = 0. Calculate the remainder when d is divided by 6.
4
Suppose t - 1 = 95. What is the remainder when t is divided by 11?
8
Let b = -29 - -41. Let h be ((-12)/(-9))/((-4)/30). Let x = h - -32. What is the remainder when x is divided by b?
10
Suppose -10 = -5*o - 5*i, o = -7*i + 3*i - 13. What is the remainder when o is divided by 2?
1
Suppose 0 = -z + 4*t + 136, 4*z + 0*t + t = 629. Suppose h = 5*h - z. What is the remainder when h is divided by 21?
18
Let l(x) = -5*x - 35. What is the remainder when l(-8) is divided by 1?
0
Let t(q) = -q**3 + q**2 + 10. What is the remainder when 39 is divided by t(0)?
9
Let k(g) = 3*g - 19. Calculate the remainder when k(13) is divided by 7.
6
Suppose -2*d = -12 - 58. Let p = -14 - -23. Calculate the remainder when d is divided by p.
8
Calculate the remainder when 54*((-44)/(-8) + -3 - 2) is divided by 15.
12
Calculate the remainder when 1 + 2 + -1 + 29 is divided by 8.
7
Let g(q) = -q - q + 3 + q + 0*q. Calculate the remainder when g(0) is divided by 1.
0
Let n(k) = 2*k**3 - 7*k**2 + 5*k + 5. Let g(o) = -o**3 + o**2. Let b(f) = -3*g(f) - n(f). What is the remainder when 59 is divided by b(-4)?
14
Let n = -47 + 19. Let x = n + 45. Calculate the remainder when 33 is divided by x.
16
Suppose 74 = 3*v + t, -2*v + 22 = -v + 3*t. Suppose -2*l + v = -2*m + 5*m, 5*l = m + 71. What is the remainder when 41 is divided by l?
13
Calculate the remainder when (29/2)/(1/2) is divided by 6.
5
Suppose -4*y - 52 = -3*d, -d - 13 = -2*d - 3*y. What is the remainder when 29 is divided by d?
13
Suppose 4*o + 34 = 14, 0 = 3*m + 5*o - 20. Let f(g) = 3*g**2 + 2*g - 1. Let v be f(-2). Let c = 1 + v. Calculate the remainder when m is divided by c.
7
Suppose -64 = -4*u - q, -2*u = q - 46 + 12. Suppose -3*g - 5 = 1. What is the remainder when u is divided by 27/(-6)*g + -1?
7
Suppose -2*g - 5*w + 3 = 0, 0 = -5*g + 2*g + w + 30. Calculate the remainder when 26 is divided by g.
8
Suppose d + 4 = -0*d - 4*p, 3*p + 33 = 3*d. Let m(k) = 2*k - 3. Let n be m(3). Suppose 0 = -2*v - n*v + 115. Calculate the remainder when v is divided by d.
7
Calculate the remainder when 9/2*(3 - (-59)/3) is divided by 21.
18
Let o(k) = 6*k + 14. What is the remainder when o(4) is divided by 9?
2
Suppose 4*r + 42 = 6*r. Let s(j) = -j + 27. Calculate the remainder when r is divided by s(16).
10
Suppose -4*z - 684 = -4*s, 5*s - z = -3*z + 869. Suppose 0 = -5*v - 53 + s. Suppose 3*g - v = 60. Calculate the remainder when g is divided by 15.
13
Let w(o) be the third derivative of o**4/6 + 3*o**2. Suppose 2*n = n + 15. Calculate the remainder when n is divided by w(2).
7
Let q(x) = x**2 + 6*x - 5. Let s be q(-7). Suppose -2*f + 100 = 4*m, -2*f = -2*m + s*f + 50. What is the remainder when m is divided by 14?
11
Suppose -10 = -5*z - 0. Let g = -84 + 119. What is the remainder when g is divided by (z - 1)*11 - -1?
11
Calculate the remainder when 43 is divided by (-1)/(((-6)/33)/2).
10
Suppose 20 - 45 = -5*l. Suppose -l + 29 = t. Let h(b) = -6*b - 3. Calculate the remainder when t is divided by h(-2).
6
Suppose -6 = -4*p + 2*r, -r = -5*p + 7 - 1. Let s = 9 + -4. Suppose -3*m + 6*m = g + s, 3 = -g + 2*m. Calculate the remainder when g is divided by p.
0
Suppose -5*y + w + 116 = 0, w + 12 = 4*w. Suppose -m + 20 = -y. What is the remainder when m is divided by 15?
14
Let h(x) = x - 2. Let w be h(-6). Let c(l) = l - 3. Let p be c(8). Let n = 